 Let k be q/(-5)*(-15)/3. Let n(f) = -23*f + 2. Let v be n(-2). What is the greatest common divisor of v and k?
12
Suppose i = 2*u + 16, -3*i - 3*u = 27 - 93. Suppose -31 = -12*x + 29. Calculate the greatest common factor of x and i.
5
Suppose -y - 3*u - 1 = -17, -3*y + 2*u + 70 = 0. Calculate the highest common factor of 4 and y.
2
Let l(g) = -10*g + 6. Let k be l(-6). Suppose k = 2*n - n. What is the greatest common divisor of 6 and n?
6
Suppose -3*s + 420 = 5*b, -4*s + 126 = 5*b - 434. Suppose -10 = 2*w - 122. What is the highest common divisor of w and s?
28
Let p(r) = -18*r - 6. Let s be p(-3). Suppose -s*o - 96 = -52*o. What is the highest common factor of 24 and o?
24
Let g(i) = -i + 2. Let n be g(-10). Let l(y) be the third derivative of y**5/15 - 2*y**2. Let f be l(-3). Calculate the greatest common factor of n and f.
12
Let t be 30/(-65)*-537 - (-8)/52. What is the highest common divisor of 93 and t?
31
Let y(a) = 6*a - 7. Let o be y(7). Let r = o - 56. Let f = 34 + r. What is the greatest common factor of f and 26?
13
Let z be -11 + 2 + 331 + 2. Calculate the highest common divisor of 729 and z.
81
Let p be 4/(((-90)/75)/(642/(-20))). What is the greatest common divisor of p and 3103?
107
Suppose 5*v = 5*u + 570, -3*v - 3*u = 5 - 359. Calculate the greatest common divisor of 522 and v.
58
Suppose -140 - 11 = -4*t + 3*q, 2*t = 4*q + 68. Suppose -l + t - 34 = 0. What is the greatest common factor of 66 and l?
6
Suppose 39 = -3*f + 687. Suppose -2*w + 88 = 5*q, -22*w = -q - 19*w + 21. Calculate the greatest common factor of q and f.
18
Suppose 3*y - 20 + 2 = 0. Let h = y - 2. Suppose -1 = i, 6*k = k - h*i + 16. Calculate the highest common factor of k and 20.
4
Let q = -27 + 46. Let y be -3 - (-2)/(-3)*-33. Calculate the greatest common factor of q and y.
19
Let z be (18/(-6) - -193) + 2. Calculate the greatest common factor of z and 12.
12
Suppose 0*u + u = -22. Let i = u + 20. Let a be i + 3 - (-1 - 48). What is the highest common divisor of a and 10?
10
Let t(h) = h**2 + 7*h - 6. Let l be t(-7). Let n(a) = 3*a**2 + 3*a - 2. Let z be n(l). Let w = z + -58. What is the highest common factor of 45 and w?
15
Let p = 7 + 0. Suppose -2*i = -23 + p. Calculate the greatest common divisor of i and 72.
8
Let j be (8/(-6))/1*120/8. Let a be j/(-5) - -31*2. What is the highest common factor of a and 22?
22
Suppose -5561 - 814 = -5*v. Calculate the highest common divisor of 75 and v.
75
Let b(l) = l**2 + 8*l + 21. Let q be b(-3). Suppose 0 = 3*f - 5*c - 22, -5*f + c = 3*c - 47. Calculate the greatest common factor of f and q.
3
Suppose 4*h - 2*h = r + 827, 0 = 3*h - r - 1243. What is the greatest common factor of 13 and h?
13
Let p(q) = 8*q**2 - 4*q + 3. Let f be p(2). Suppose 0 = 2*w + 3*k - 225, 214 + 239 = 4*w + 5*k. Let j = w + -63. What is the highest common factor of j and f?
27
Let n be 80*(3/6 - 0). Suppose -5*q - n - 80 = 0. Let j = 28 + q. What is the highest common divisor of 20 and j?
4
Let w(j) be the third derivative of 23*j**6/120 + j**5/60 - j**4/24 + 8*j**2. Let n be w(1). Calculate the greatest common factor of n and 161.
23
Let c be 34/51 - (-290)/6. Suppose -56 = -7*r + c. What is the greatest common factor of r and 165?
15
Let j be (1*-3)/((-29)/87). Suppose -3*x = 2*l - 2*x - 37, 0 = 4*l - 4*x - 68. Suppose -4*w = -3*w - l. What is the highest common divisor of j and w?
9
Let p = 253 + 177. Calculate the greatest common divisor of 10 and p.
10
Suppose -t + 2 = 50. Let r = 53 + t. Calculate the greatest common divisor of 5 and r.
5
Let n(l) = 9*l**2 + 5*l + 118. Let y be n(-11). Calculate the highest common divisor of 36 and y.
36
Suppose s = -4*s. Suppose 3*z - 110 = -s*z - 4*j, 5*j + 35 = 2*z. What is the greatest common factor of 12 and z?
6
Let w be -1 + 12/(-2)*27/(-6). Calculate the highest common factor of w and 143.
13
Let c(o) = 7*o + 2. Let w be ((-10)/(-3))/((-22)/33). Let b be (-2 - 2)*(w - -4). Let m be c(b). Calculate the greatest common divisor of 6 and m.
6
Let t(g) = 3*g**2 - 2*g - 3. Let u be t(2). Suppose -u*w = -10*w + 105. Calculate the highest common factor of w and 147.
21
Let i be (-9)/((-3)/30*3). Let u(a) = a**2 - 12*a - 1. Let f = 45 + -32. Let t be u(f). Calculate the greatest common factor of t and i.
6
Let a = 28 + -16. Calculate the greatest common factor of 120 and a.
12
Let i(s) = -7*s**2 + 44*s + 6. Let d be i(5). Calculate the highest common factor of d and 153.
51
Let u be 3 + 10 - (1 + 0). Suppose -3*w = -0*w - u. Suppose w*r - 961 = -r - 4*c, 941 = 5*r - c. Calculate the highest common factor of 21 and r.
21
Let x be (-136611)/(-301) - 8/(-7). What is the greatest common divisor of 14 and x?
7
Let n = -5 - -20. Let h(d) = -d**3 + 14*d**2 + 11*d - 1. Let v be h(n). Let m = -28 - v. Calculate the highest common divisor of m and 231.
33
Let s(v) = 12*v**2 - 9*v + 3. Let c be s(2). What is the greatest common factor of 528 and c?
33
Suppose -2*g - 7 = -23. Suppose -10*h + 914 = 34. Calculate the highest common divisor of h and g.
8
Let n(j) = 2*j**2 + 6*j - 17. Suppose 55*t - 15 = 52*t. Let r be n(t). What is the greatest common divisor of r and 42?
21
Suppose 3*s - 2*y = 102, 2*y + 1 = -4*s + 137. What is the greatest common factor of s and 68?
34
Let c be 6 + 21/(-6) - (-2)/(-4). Suppose 3*y - 3*t + t = 19, -53 = -5*y - c*t. What is the highest common factor of y and 9?
9
Let x be -1*324*2/(-3). Suppose 11 = 5*n - 109. What is the greatest common factor of x and n?
24
Suppose c + 10 = 2*r, 3*r - c - 9 - 5 = 0. Suppose 2*i = r*x + 18, 0 = -i - x - 4*x + 30. What is the highest common factor of i and 105?
15
Suppose -2*d - 12*h + 9*h + 35 = 0, 4*d - 5*h - 37 = 0. Calculate the highest common factor of d and 767.
13
Suppose -28*g + 1320 = -6*g. Suppose -5*p + 248 = -202. What is the greatest common factor of p and g?
30
Suppose 5*l - 35 = -5*k, 2*l + l = -5*k + 11. Suppose -4*g = -7*g + l. What is the greatest common factor of g and 36?
4
Let l be (-19)/(-4) - 6/(-48)*2. Calculate the greatest common divisor of 335 and l.
5
Suppose 113 + 23 = 4*z. Suppose -10*g + 32 = -2*g + 8*g. What is the greatest common factor of g and z?
2
Suppose -15*j = -12*j + 855. Let x be (j/60)/((-2)/8). Calculate the greatest common factor of x and 57.
19
Suppose -4*b + 6*b = -h + 226, 3*b - 4*h = 328. Calculate the greatest common factor of 84 and b.
28
Let r = 210 + -29. Calculate the highest common factor of r and 1.
1
Suppose 2*g = -5*b + 2757, -4*g - 1654 = -3*b - 5*g. Calculate the highest common divisor of b and 29.
29
Suppose -2*c - 50 - 44 = -2*s, 2 = 2*c. What is the greatest common divisor of 528 and s?
48
Let o(a) = a + 11. Let s be o(-5). Suppose s*k - 2*k = 16. Suppose -56 = -2*c + k*n, -5*c - 5*n + 103 = -7. What is the highest common divisor of 6 and c?
6
Let w(o) = -4*o + 4. Let m be w(-6). Suppose 3*k - 5*k + 8 = 0. Suppose 0*x + 112 = k*x. What is the highest common divisor of m and x?
28
Let g be 1929 - (255/60 - 2/8). Calculate the greatest common divisor of 35 and g.
35
Let p be 8/((-560)/(-42)) - (-204)/10. What is the highest common factor of p and 9?
3
Let u be 126/7*(426/18 + -5). What is the highest common factor of 240 and u?
48
Suppose -2*d - 1 = 1, -48 = -5*z - 2*d. Suppose f + 8 = 3*k + 3, 0 = -4*k - 2*f - z. Suppose -42 = -c - k*c. Calculate the highest common factor of c and 6.
6
Suppose 3*s + 228 = 5*s. Suppose s = 12*k - 9*k. Calculate the greatest common divisor of 19 and k.
19
Let u be 2/(-7) + 2668/28. Suppose 4*a + 2*i - 144 = 0, 23*a - 34 = 22*a - i. Calculate the greatest common factor of u and a.
19
Let r(a) = a**2 + 24*a - 29. Let g be r(-26). What is the highest common divisor of g and 368?
23
Let s be 18*((-8)/6)/(-1). Suppose 3*z = 6*z - 15. Let d be (z/(0 - -10))/(2/240). Calculate the greatest common factor of s and d.
12
Let m(w) = 17 + 13 - 6*w + 2 + 21. Let p be m(-12). What is the highest common divisor of p and 25?
25
Let c(g) = 32*g**3 - g**2 + 2*g. Suppose 2*n + 3*v - v - 10 = 0, 2*n + 3*v - 14 = 0. Let i be c(n). Calculate the greatest common factor of i and 55.
11
Let i = -11 + 26. Let t = 558 - 513. What is the highest common divisor of i and t?
15
Let s = 1564 - 1440. What is the greatest common factor of 775 and s?
31
Let t(l) = -192*l - 594. Let r b